{"id":96174,"date":"2018-12-01T18:16:42","date_gmt":"2018-12-01T17:16:42","guid":{"rendered":"http:\/\/isnd.be\/maternel\/wp\/?page_id=96174"},"modified":"2025-09-19T13:48:25","modified_gmt":"2025-09-19T12:48:25","slug":"pouvoir-organisateur","status":"publish","type":"page","link":"https:\/\/maternel.isnd.be\/?page_id=96174","title":{"rendered":"Pouvoir Organisateur"},"content":{"rendered":"\n<div class=\"entry-content\">\n<p>Le Pouvoir Organisateur de l\u2019ISND (maternel, primaire et secondaire) est l\u2019ASBL \u00ab&nbsp;Institut des S\u0153urs de Notre-Dame \u00e0 Anderlecht&nbsp;\u00bb (BE408.211.929 \u00e0 la BCE).<\/p>\n<p>Composition&nbsp;:<\/p>\n<\/div>\n\n\n\n<figure class=\"wp-block-table\"><table class=\"has-fixed-layout\"><tbody><tr><td>Beeldens<\/td><td>Beno\u00eet<\/td><td>Administrateur \u2013 Secr\u00e9taire<\/td><\/tr><tr><td>Vanbrabant<\/td><td>Barbara<\/td><td>Administratrice<\/td><\/tr><tr><td>Charlier<\/td><td>Pierre<\/td><td>Administrateur<\/td><\/tr><tr><td>De Roover<\/td><td>Axel<\/td><td>Administrateur-d\u00e9l\u00e9gu\u00e9 \u2013 Pr\u00e9sident<\/td><\/tr><tr><td>De Roover<\/td><td>Aur\u00e9lie<\/td><td>Administratrice \u2013 Tr\u00e9sori\u00e8re<\/td><\/tr><tr><td>Jamsin<\/td><td>Dimitri<\/td><td>Administrateur<\/td><\/tr><tr><td>&nbsp;<\/td><td>&nbsp;<\/td><td>&nbsp;<\/td><\/tr><\/tbody><\/table><\/figure>\n\n\n\n<div class=\"entry-content\">&nbsp;<\/div>\n\n\n\n<figure class=\"wp-block-image\"><img loading=\"lazy\" decoding=\"async\" width=\"1024\" height=\"311\" src=\"https:\/\/maternel.isnd.be\/wp-content\/uploads\/2020\/04\/pouvoir-organisateur2_orig-1-1024x311.jpg\" alt=\"\" class=\"wp-image-97013\" srcset=\"https:\/\/maternel.isnd.be\/wp-content\/uploads\/2020\/04\/pouvoir-organisateur2_orig-1-1024x311.jpg 1024w, https:\/\/maternel.isnd.be\/wp-content\/uploads\/2020\/04\/pouvoir-organisateur2_orig-1-300x91.jpg 300w, https:\/\/maternel.isnd.be\/wp-content\/uploads\/2020\/04\/pouvoir-organisateur2_orig-1-768x233.jpg 768w, https:\/\/maternel.isnd.be\/wp-content\/uploads\/2020\/04\/pouvoir-organisateur2_orig-1-1140x346.jpg 1140w, https:\/\/maternel.isnd.be\/wp-content\/uploads\/2020\/04\/pouvoir-organisateur2_orig-1.jpg 1578w\" sizes=\"auto, (max-width: 1024px) 100vw, 1024px\" \/><\/figure>\n","protected":false},"excerpt":{"rendered":"<p>Le Pouvoir Organisateur de l\u2019ISND (maternel, primaire et secondaire) est l\u2019ASBL \u00ab&nbsp;Institut des S\u0153urs de Notre-Dame \u00e0 Anderlecht&nbsp;\u00bb (BE408.211.929 \u00e0 la BCE). Composition&nbsp;: Beeldens Beno\u00eet Administrateur \u2013 Secr\u00e9taire Vanbrabant Barbara Administratrice Charlier Pierre Administrateur De Roover Axel Administrateur-d\u00e9l\u00e9gu\u00e9 \u2013 Pr\u00e9sident De Roover Aur\u00e9lie Administratrice \u2013 Tr\u00e9sori\u00e8re Jamsin Dimitri Administrateur &nbsp; &nbsp; &nbsp; &nbsp;<\/p>\n","protected":false},"author":13,"featured_media":0,"parent":0,"menu_order":0,"comment_status":"closed","ping_status":"closed","template":"","meta":{"footnotes":""},"class_list":["post-96174","page","type-page","status-publish","hentry"],"_links":{"self":[{"href":"https:\/\/maternel.isnd.be\/index.php?rest_route=\/wp\/v2\/pages\/96174","targetHints":{"allow":["GET"]}}],"collection":[{"href":"https:\/\/maternel.isnd.be\/index.php?rest_route=\/wp\/v2\/pages"}],"about":[{"href":"https:\/\/maternel.isnd.be\/index.php?rest_route=\/wp\/v2\/types\/page"}],"author":[{"embeddable":true,"href":"https:\/\/maternel.isnd.be\/index.php?rest_route=\/wp\/v2\/users\/13"}],"replies":[{"embeddable":true,"href":"https:\/\/maternel.isnd.be\/index.php?rest_route=%2Fwp%2Fv2%2Fcomments&post=96174"}],"version-history":[{"count":6,"href":"https:\/\/maternel.isnd.be\/index.php?rest_route=\/wp\/v2\/pages\/96174\/revisions"}],"predecessor-version":[{"id":98376,"href":"https:\/\/maternel.isnd.be\/index.php?rest_route=\/wp\/v2\/pages\/96174\/revisions\/98376"}],"wp:attachment":[{"href":"https:\/\/maternel.isnd.be\/index.php?rest_route=%2Fwp%2Fv2%2Fmedia&parent=96174"}],"curies":[{"name":"wp","href":"https:\/\/api.w.org\/{rel}","templated":true}]}}