{"id":1246,"date":"2013-12-03T13:16:00","date_gmt":"2013-12-03T12:16:00","guid":{"rendered":"http:\/\/isnd.be\/maternel\/wp\/?page_id=1246"},"modified":"2025-07-08T13:54:11","modified_gmt":"2025-07-08T12:54:11","slug":"1246-2","status":"publish","type":"page","link":"https:\/\/maternel.isnd.be\/?page_id=1246","title":{"rendered":"Immersion"},"content":{"rendered":"<p><img loading=\"lazy\" decoding=\"async\" class=\"alignright size-full wp-image-96477\" src=\"http:\/\/isnd.be\/maternel\/wp\/wp-content\/uploads\/2019\/03\/a.jpg\" alt=\"\" width=\"1248\" height=\"701\" srcset=\"https:\/\/maternel.isnd.be\/wp-content\/uploads\/2019\/03\/a.jpg 1248w, https:\/\/maternel.isnd.be\/wp-content\/uploads\/2019\/03\/a-300x169.jpg 300w, https:\/\/maternel.isnd.be\/wp-content\/uploads\/2019\/03\/a-768x431.jpg 768w, https:\/\/maternel.isnd.be\/wp-content\/uploads\/2019\/03\/a-1024x575.jpg 1024w\" sizes=\"auto, (max-width: 1248px) 100vw, 1248px\" \/><\/p>\n<p style=\"text-align: left;\">Nous proposons l&#8217;immersion linguistique en n\u00e9erlandais au sein de l&#8217;ISND fondamental et secondaire.<\/p>\n<p style=\"text-align: left;\">Un tiers de l&#8217;\u00e9cole fondamentale est en immersion \u00e0 partir la troisi\u00e8me maternelle. Ce qui repr\u00e9sente une classe sur trois par niveau.<\/p>\n<p style=\"text-align: left;\"><em><strong>Inscription \u00e0 la fili\u00e8re immersion en maternelle<\/strong><\/em><\/p>\n<p>Toute demande d&#8217;inscription en immersion en maternelle se fait par le biais d\u2019un formulaire unique d&#8217;inscription.<br \/>\nLa phase d&#8217;enregistrement des demandes d&#8217;inscription est d\u2019une demi-journ\u00e9e \u00e0 une date pr\u00e9cise fix\u00e9e par la direction.<br \/>\nApr\u00e8s cette phase d&#8217;enregistrement des demandes d&#8217;inscription, aucune autre demande d&#8217;inscription ne peut \u00eatre act\u00e9e.<\/p>\n<p>Le formulaire d\u2019inscription d\u00fbment compl\u00e9t\u00e9 et sign\u00e9 est :<\/p>\n<ul>\n<li>soit d\u00e9pos\u00e9 \u00e0 l\u2019\u00e9cole entre les mains de la direction ou de la personne d\u00e9l\u00e9gu\u00e9e par la direction \u00e0 cet effet,<\/li>\n<li>soit scann\u00e9 et communiqu\u00e9 en pi\u00e8ce jointe \u00e0 un courriel adress\u00e9 \u00e0 la direction de l\u2019\u00e9cole [direction.maternelle@isnd.be].<\/li>\n<\/ul>\n<p>Dans les deux cas, un accus\u00e9 de r\u00e9ception est d\u00e9livr\u00e9.<br \/>\nToute demande d&#8217;inscription en immersion est act\u00e9e dans un registre. Y sont mentionn\u00e9s les nom et pr\u00e9nom de l&#8217;\u00e9l\u00e8ve, sa date de naissance, la cause de priorit\u00e9 ou la date \u00e0 laquelle la demande d\u2019inscription a \u00e9t\u00e9 tir\u00e9e au sort, \u00e9ventuellement la date du d\u00e9sistement.<\/p>\n<p><strong><em>Recevabilit\u00e9 des demandes d\u2019inscription<\/em><\/strong><\/p>\n<p>Pour \u00eatre recevable, la demande d\u2019inscription en immersion doit concerner un enfant<\/p>\n<p>&#8211; inscrit \u00e0 l\u2019ISND depuis sa premi\u00e8re maternelle<\/p>\n<p>&#8211; dont l&#8217;un des parents ou la personne investie de l&#8217;autorit\u00e9 parentale a rencontr\u00e9 un membre de la direction maternelle ou primaire \u00e0 propos de la fili\u00e8re immersion propos\u00e9e \u00e0 l\u2019ISND.<\/p>\n<p><strong><em>El\u00e8ves prioritaires<\/em><\/strong><\/p>\n<p>Les demandes d\u2019inscription des \u00e9l\u00e8ves prioritaires sont examin\u00e9es en priorit\u00e9.<\/p>\n<p>Sont consid\u00e9r\u00e9s comme prioritaires, dans l&#8217;ordre repris ci-dessous, les \u00e9l\u00e8ves :<\/p>\n<p>1\u00b0 dont au moins l&#8217;un des parents ou la personne investie de l&#8217;autorit\u00e9 parentale exerce tout ou partie de sa fonction au sein de l&#8217;ISND (toutes sections confondues) [enfant du personnel ISND] ;<\/p>\n<p>2\u00b0 dont un fr\u00e8re ou une s\u0153ur ou tout autre enfant r\u00e9sidant sous le m\u00eame toit fr\u00e9quente d\u00e9j\u00e0 la fili\u00e8re en immersion organis\u00e9e par les sections maternelle et primaire de l\u2019ISND [fr\u00e8re et s\u0153ur en immersion] ;<\/p>\n<p>3\u00b0 qui ont des besoins sp\u00e9cifiques au sens du d\u00e9cret du 3 mars 2004 organisant l&#8217;enseignement sp\u00e9cialis\u00e9 et pour lesquels une int\u00e9gration permanente est envisag\u00e9e, ou qui, m\u00eame sans avoir \u00e9t\u00e9 r\u00e9guli\u00e8rement inscrits dans l&#8217;enseignement sp\u00e9cialis\u00e9 organis\u00e9 par ledit d\u00e9cret du 3 mars 2004, \u00e9prouvent, au moment de voir introduire par leurs parents ou la personne investie de l&#8217;autorit\u00e9 parentale une demande d&#8217;inscription, des besoins sp\u00e9cifiques fond\u00e9s sur un handicap av\u00e9r\u00e9 [enfants \u00e0 besoins sp\u00e9cifiques] ; pour autant que la proposition d&#8217;int\u00e9gration vis\u00e9e \u00e0 l&#8217;article 134 dudit d\u00e9cret du 3 mars 2004 ait fait l&#8217;objet de l&#8217;acceptation vis\u00e9e \u00e0 l&#8217;article 135 du m\u00eame d\u00e9cret ou pour autant que la demande d\u2019inscription soit fond\u00e9e sur un projet d&#8217;int\u00e9gration accept\u00e9 par le chef d&#8217;\u00e9tablissement, en concertation avec l&#8217;\u00e9quipe \u00e9ducative ;<\/p>\n<p>4\u00b0 qui sont issus : a) d&#8217;un home ou d&#8217;une famille d&#8217;accueil, pour autant qu&#8217;ils y aient \u00e9t\u00e9 plac\u00e9s soit par le juge, soit par le conseiller ou le directeur d&#8217;aide \u00e0 la jeunesse; b) d&#8217;un internat pour enfants dont les parents n&#8217;ont pas de r\u00e9sidence fixe; c) d&#8217;un centre d&#8217;accueil organis\u00e9 ou reconnu par l&#8217;Office de la naissance et de l&#8217;enfance [enfants en situation pr\u00e9caire], pour autant qu\u2019une copie de l&#8217;attestation \u00e9manant de la direction du centre d&#8217;accueil, de l&#8217;internat pour enfants dont les parents n&#8217;ont pas de r\u00e9sidence fixe, du home ou de la famille d&#8217;accueil soit annex\u00e9e \u00e0 la demande d\u2019inscription.<br \/>\nClassement des autres demandes d\u2019inscriptions<\/p>\n<p>Pour faire falloir sa priorit\u00e9,\u00a0 le formulaire d&#8217;\u00e9l\u00e8ves prioritaires doit \u00eatre remis dans les m\u00eames modalit\u00e9s que les formulaires d&#8217;enfants non-prioritaire.<\/p>\n<p>L&#8217;attribution des places disponibles a lieu par tirage au sort, lorsque le nombre de formulaires d&#8217;inscription est sup\u00e9rieur au nombre de places \u00e0 attribuer.<\/p>\n<p style=\"text-align: left;\"><strong><em>Tirage au sort<\/em><\/strong><\/p>\n<p>La direction est charg\u00e9e des op\u00e9rations pratiques pr\u00e9alables au tirage au sort en pr\u00e9sence du pr\u00e9sident du conseil d&#8217;administration du Pouvoir organisateur et du pr\u00e9sident de l\u2019Association des parents.<\/p>\n<p>Le nom de chaque \u00e9l\u00e8ve candidat en vue du tirage au sort est inscrit sur un billet de format A5 pli\u00e9 en 4.<br \/>\nLes billets sont d\u00e9pos\u00e9s dans une urne.<br \/>\nLe tirage au sort est effectu\u00e9 par le pr\u00e9sident du conseil d&#8217;administration du Pouvoir organisateur.<br \/>\nLes demandes d&#8217;inscription des \u00e9l\u00e8ves dont le nom n&#8217;a pas \u00e9t\u00e9 tir\u00e9 au sort constituent une liste d&#8217;attente.<\/p>\n<p><strong><em>D\u00e9sistements<\/em><\/strong><\/p>\n<p>En cas de d\u00e9sistement(s), le premier \u00e9l\u00e8ve qui figure sur la liste d&#8217;attente constitu\u00e9e lors du tirage prendra la place de l&#8217;\u00e9l\u00e8ve qui s&#8217;est d\u00e9sist\u00e9.<\/p>\n","protected":false},"excerpt":{"rendered":"<p>Nous proposons l&#8217;immersion linguistique en n\u00e9erlandais au sein de l&#8217;ISND fondamental et secondaire. Un tiers de l&#8217;\u00e9cole fondamentale est en immersion \u00e0 partir la troisi\u00e8me maternelle. Ce qui repr\u00e9sente une classe sur trois par niveau. Inscription \u00e0 la fili\u00e8re immersion en maternelle Toute demande d&#8217;inscription en immersion en maternelle se fait par le biais d\u2019un formulaire unique d&#8217;inscription. La phase d&#8217;enregistrement des demandes d&#8217;inscription est d\u2019une demi-journ\u00e9e \u00e0 une date pr\u00e9cise fix\u00e9e par la direction. Apr\u00e8s cette phase d&#8217;enregistrement des demandes d&#8217;inscription, aucune autre demande d&#8217;inscription ne peut \u00eatre act\u00e9e. Le formulaire d\u2019inscription d\u00fbment compl\u00e9t\u00e9 et sign\u00e9 est : soit d\u00e9pos\u00e9 \u00e0 l\u2019\u00e9cole entre les mains de la direction ou de la personne d\u00e9l\u00e9gu\u00e9e par la direction \u00e0 cet effet, soit scann\u00e9 et communiqu\u00e9 en pi\u00e8ce jointe \u00e0 un courriel adress\u00e9 \u00e0 la direction de l\u2019\u00e9cole [direction.maternelle@isnd.be]. Dans les deux cas, un accus\u00e9 de r\u00e9ception est d\u00e9livr\u00e9. Toute demande d&#8217;inscription en immersion est act\u00e9e dans un registre. Y sont mentionn\u00e9s les nom et pr\u00e9nom de l&#8217;\u00e9l\u00e8ve, sa date de naissance, la cause de priorit\u00e9 ou la date \u00e0 laquelle la demande d\u2019inscription a \u00e9t\u00e9 tir\u00e9e au sort, \u00e9ventuellement la date du d\u00e9sistement. Recevabilit\u00e9 des demandes d\u2019inscription Pour \u00eatre recevable, la demande d\u2019inscription en immersion doit concerner un enfant &#8211; inscrit \u00e0 l\u2019ISND depuis sa premi\u00e8re maternelle &#8211; dont l&#8217;un des parents ou la personne investie de l&#8217;autorit\u00e9 parentale a rencontr\u00e9 un membre de la direction maternelle ou primaire \u00e0 propos de la fili\u00e8re immersion propos\u00e9e \u00e0 l\u2019ISND. El\u00e8ves prioritaires Les demandes d\u2019inscription des \u00e9l\u00e8ves prioritaires sont examin\u00e9es en priorit\u00e9. Sont consid\u00e9r\u00e9s comme prioritaires, dans l&#8217;ordre repris ci-dessous, les \u00e9l\u00e8ves : 1\u00b0 dont au moins l&#8217;un des parents ou la personne investie de l&#8217;autorit\u00e9 parentale exerce tout ou partie de sa fonction au sein de l&#8217;ISND (toutes sections confondues) [enfant du personnel ISND] ; 2\u00b0 dont un fr\u00e8re ou une s\u0153ur ou tout autre enfant r\u00e9sidant sous le m\u00eame toit fr\u00e9quente d\u00e9j\u00e0 la fili\u00e8re en immersion organis\u00e9e par les sections maternelle et primaire de l\u2019ISND [fr\u00e8re et s\u0153ur en immersion] ; 3\u00b0 qui ont des besoins sp\u00e9cifiques au sens du d\u00e9cret du 3 mars 2004 organisant l&#8217;enseignement sp\u00e9cialis\u00e9 et pour lesquels une int\u00e9gration permanente est envisag\u00e9e, ou qui, m\u00eame sans avoir \u00e9t\u00e9 r\u00e9guli\u00e8rement inscrits dans l&#8217;enseignement sp\u00e9cialis\u00e9 organis\u00e9 par ledit d\u00e9cret du 3 mars 2004, \u00e9prouvent, au moment de voir introduire par leurs parents ou la personne investie de l&#8217;autorit\u00e9 parentale une demande d&#8217;inscription, des besoins sp\u00e9cifiques fond\u00e9s sur un handicap av\u00e9r\u00e9 [enfants \u00e0 besoins sp\u00e9cifiques] ; pour autant que la proposition d&#8217;int\u00e9gration vis\u00e9e \u00e0 l&#8217;article 134 dudit d\u00e9cret du 3 mars 2004 ait fait l&#8217;objet de l&#8217;acceptation vis\u00e9e \u00e0 l&#8217;article 135 du m\u00eame d\u00e9cret ou pour autant que la demande d\u2019inscription soit fond\u00e9e sur un projet d&#8217;int\u00e9gration accept\u00e9 par le chef d&#8217;\u00e9tablissement, en concertation avec l&#8217;\u00e9quipe \u00e9ducative ; 4\u00b0 qui sont issus : a) d&#8217;un home ou d&#8217;une famille d&#8217;accueil, pour autant qu&#8217;ils y aient \u00e9t\u00e9 plac\u00e9s soit par le juge, soit par le conseiller ou le directeur d&#8217;aide \u00e0 la jeunesse; b) d&#8217;un internat pour enfants dont les parents n&#8217;ont pas de r\u00e9sidence fixe; c) d&#8217;un centre d&#8217;accueil organis\u00e9 ou reconnu par l&#8217;Office de la naissance et de l&#8217;enfance [enfants en situation pr\u00e9caire], pour autant qu\u2019une copie de l&#8217;attestation \u00e9manant de la direction du centre d&#8217;accueil, de l&#8217;internat pour enfants dont les parents n&#8217;ont pas de r\u00e9sidence fixe, du home ou de la famille d&#8217;accueil soit annex\u00e9e \u00e0 la demande d\u2019inscription. Classement des autres demandes d\u2019inscriptions Pour faire falloir sa priorit\u00e9,\u00a0 le formulaire d&#8217;\u00e9l\u00e8ves prioritaires doit \u00eatre remis dans les m\u00eames modalit\u00e9s que les formulaires d&#8217;enfants non-prioritaire. L&#8217;attribution des places disponibles a lieu par tirage au sort, lorsque le nombre de formulaires d&#8217;inscription est sup\u00e9rieur au nombre de places \u00e0 attribuer. Tirage au sort La direction est charg\u00e9e des op\u00e9rations pratiques pr\u00e9alables au tirage au sort en pr\u00e9sence du pr\u00e9sident du conseil d&#8217;administration du Pouvoir organisateur et du pr\u00e9sident de l\u2019Association des parents. Le nom de chaque \u00e9l\u00e8ve candidat en vue du tirage au sort est inscrit sur un billet de format A5 pli\u00e9 en 4. Les billets sont d\u00e9pos\u00e9s dans une urne. Le tirage au sort est effectu\u00e9 par le pr\u00e9sident du conseil d&#8217;administration du Pouvoir organisateur. Les demandes d&#8217;inscription des \u00e9l\u00e8ves dont le nom n&#8217;a pas \u00e9t\u00e9 tir\u00e9 au sort constituent une liste d&#8217;attente. D\u00e9sistements En cas de d\u00e9sistement(s), le premier \u00e9l\u00e8ve qui figure sur la liste d&#8217;attente constitu\u00e9e lors du tirage prendra la place de l&#8217;\u00e9l\u00e8ve qui s&#8217;est d\u00e9sist\u00e9.<\/p>\n","protected":false},"author":13,"featured_media":0,"parent":0,"menu_order":0,"comment_status":"closed","ping_status":"closed","template":"","meta":{"footnotes":""},"class_list":["post-1246","page","type-page","status-publish","hentry"],"_links":{"self":[{"href":"https:\/\/maternel.isnd.be\/index.php?rest_route=\/wp\/v2\/pages\/1246","targetHints":{"allow":["GET"]}}],"collection":[{"href":"https:\/\/maternel.isnd.be\/index.php?rest_route=\/wp\/v2\/pages"}],"about":[{"href":"https:\/\/maternel.isnd.be\/index.php?rest_route=\/wp\/v2\/types\/page"}],"author":[{"embeddable":true,"href":"https:\/\/maternel.isnd.be\/index.php?rest_route=\/wp\/v2\/users\/13"}],"replies":[{"embeddable":true,"href":"https:\/\/maternel.isnd.be\/index.php?rest_route=%2Fwp%2Fv2%2Fcomments&post=1246"}],"version-history":[{"count":13,"href":"https:\/\/maternel.isnd.be\/index.php?rest_route=\/wp\/v2\/pages\/1246\/revisions"}],"predecessor-version":[{"id":97219,"href":"https:\/\/maternel.isnd.be\/index.php?rest_route=\/wp\/v2\/pages\/1246\/revisions\/97219"}],"wp:attachment":[{"href":"https:\/\/maternel.isnd.be\/index.php?rest_route=%2Fwp%2Fv2%2Fmedia&parent=1246"}],"curies":[{"name":"wp","href":"https:\/\/api.w.org\/{rel}","templated":true}]}}